t(5)?
61
Suppose 313*r = 1207310 + 1241915. What are the prime factors of r?
5, 313
Let u(t) = 3*t**2 + 21*t + 156. Let g be -1 + 0 - (3 - (4 - 7)). List the prime factors of u(g).
2, 3, 13
Suppose 2*q = 5*u - 55, -u = 4*u + 4*q - 55. Suppose u*o - 9015 - 3855 = 0. What are the prime factors of o?
2, 3, 5, 13
Let a = -3564 + 6580. Let u = a + -1651. What are the prime factors of u?
3, 5, 7, 13
Let v(y) = -4*y - 19. Suppose c + 15 = -3*t, c - 9 = 4*t + 18. Let s be v(t). Suppose -6*l - 2*x + 116 = -4*l, -x + 290 = s*l. List the prime factors of l.
2, 29
Let x(r) = r**2 - 2*r - 1. Let d be x(3). Let g be -7 + -21*(-2)/6. Suppose d*l + 12 - 32 = g. List the prime factors of l.
2, 5
List the prime factors of (18238/4)/(720/10080).
7, 11, 829
What are the prime factors of ((62*-3)/1)/(-8 + 45305/5668)?
2, 31, 109
Suppose 6*s + 72 = -2*s. Let n be (-2)/s - (-5)/(-90)*-68. Let w(k) = 2*k**3 - 3*k**2 + 3*k - 1. List the prime factors of w(n).
7, 13
Let u be 58/(-8) - 6/8. Let f be 62/10*10/4*2. Let b = f + u. What are the prime factors of b?
23
Let h(w) = -472 - 19*w + 223 + w**3 + 238 + 12*w**2. What are the prime factors of h(-10)?
379
Let z = -786 + 791. What are the prime factors of (-14)/z*32620/(-56)?
7, 233
Suppose 267540 = 3*c - 9*y, 3*c + 2*y - 89200 = 2*c. List the prime factors of c.
2, 11149
Let q be (-2780)/(-70) + (-4)/(-14). Suppose q = 5*o + 5*p, -13 = -4*o - 3*p + 16. Suppose -o*b = -1166 + 441. List the prime factors of b.
5, 29
Suppose 0 = -4*y - 3*k - 9, -2*y - 12 = -2*k + 6*k. Suppose y = 9*q - 7*q - 376. What are the prime factors of q?
2, 47
Suppose 0 = -4*x - 3*b + 65, -3*x + 2*x - 4*b = -26. Suppose -x*z - 78 = -8. List the prime factors of 114 - (-20)/(9 + z).
7, 17
Let f(u) = 44*u**2 + 3*u + 15. Let g be f(5). Let b = g - 695. What are the prime factors of b?
3, 5, 29
Suppose 182*p - 6 = 181*p, -2*p + 1628 = 4*t. List the prime factors of t.
2, 101
Let z be (-5)/10*(1 - 2)*-36. Let t be ((-2)/1 - -6)*z. Let a = -27 - t. What are the prime factors of a?
3, 5
Let l(z) = -2827*z - 47. List the prime factors of l(-2).
3, 7, 89
Suppose -a = 5*c - 21187, 3*c = 5*a - 87299 - 18720. What are the prime factors of a?
2, 10601
Let c(o) = -o**3 - 15*o**2 + 17*o + 18. Let r be c(-16). Suppose -u = -5 + r. Suppose -2*h + 5*h + u*s - 321 = 0, 2*s = -h + 110. List the prime factors of h.
2, 13
Let j = -3 - 2. Let k(r) = -r**2 - 4*r - 7. Let d be k(-5). What are the prime factors of d/(((-5)/(-6))/j)?
2, 3
Suppose 21*j + 82020 = 18*j. Let p be (6/8)/3 + j/(-16). What are the prime factors of (-9)/(-24) - (-5)/40*p?
2, 107
Let i be (-1 - -173)*(20/(-8) - 1). Let x = 1923 + i. What are the prime factors of x?
1321
Let h = -26 + 26. Suppose -5*d - 6 + 6 = h. Suppose d = 2*y - 39 - 23. What are the prime factors of y?
31
Let v(t) = 215*t - 49. Let l be v(9). Let p = -1243 + l. What are the prime factors of p?
643
Let p(w) = 596*w + 1691. List the prime factors of p(10).
7, 1093
Suppose 0*c - 2*h - 248 = 2*c, h - 132 = c. Let x = -134 - c. Let s(t) = -16*t + 21. List the prime factors of s(x).
3, 13
Suppose 2*h + 3*j - 20043 = 0, 0 = -7*h + 6*h + 5*j + 9989. List the prime factors of h.
2, 3, 1669
List the prime factors of (63/5)/(-13*(-3)/33735).
3, 7, 173
What are the prime factors of (364/(-16)*(6 + -49) + 4)*4?
3929
Let u = -14 + 10. Let d(m) be the second derivative of -8*m**3/3 - 5*m**2/2 - 1429*m. What are the prime factors of d(u)?
59
What are the prime factors of (11597 + -2 - -16) + 17?
2, 3, 17, 19
Suppose -p + 105 = 100. Suppose 574 + 496 = p*a - 4*j, -5*a - j = -1045. List the prime factors of a.
2, 3, 5, 7
Let j(d) = 31*d**2 - 257*d + 3508. List the prime factors of j(13).
2, 3, 17, 53
Suppose 5*s - 5922 - 27163 = 0. Suppose -s + 665 = -24*l. What are the prime factors of l?
2, 31
Let z(t) = 8*t**2 + t + 0*t**2 + 4*t**2. Let s be z(1). Suppose s*g - 760 = 5*g. What are the prime factors of g?
5, 19
Let p(r) = -151*r + 1. Let c be p(-5). Suppose 10 = 3*k + t, 3*t = 178 - 193. Suppose -3*w - 4*v + 312 = -w, -c = -k*w + 2*v. What are the prime factors of w?
2, 19
Let h = -78 - -80. Suppose l + 4 = h*r, -r + 5*r - 8 = 3*l. Suppose 0 = -r*m + b + 134 + 34, -3*m + b + 250 = 0. List the prime factors of m.
2, 41
Let l be (-4 - (-30)/5)/(2 - 1). Suppose -b - l*y + 1080 = 0, -3*b - b = -3*y - 4298. List the prime factors of b.
2, 269
List the prime factors of (-10164)/(-462) - (-8982 + 0).
2, 2251
Suppose -5*f + v = -10, 3*f + 2*v = -0*v + 6. Suppose 0*n - f*n + 1476 = 0. Suppose -n = -11*s + 5*s. What are the prime factors of s?
3, 41
Suppose -3*w + 75 = -9. Let l = w + -17. Suppose 5*s - 61 = -l. List the prime factors of s.
2, 5
Let b(n) be the third derivative of -n**5/20 - n**4/12 - n**3/3 + 14*n**2. Let q be b(-1). Let z(y) = -9*y - 19. What are the prime factors of z(q)?
2
Let h(a) = -6*a + 50. Let q be h(-13). Let x = 978 - q. What are the prime factors of x?
2, 5, 17
Let c(h) = 3*h**2 - 2*h + 7232. What are the prime factors of c(0)?
2, 113
What are the prime factors of (-2)/(-3)*117090/60?
1301
What are the prime factors of (3 + -117)/(-19) + 1362 + 3 + -6?
3, 5, 7, 13
Let r(k) = -k**3 + 43*k**2 - 95*k - 322. List the prime factors of r(35).
3, 7, 293
Suppose 9501 = -53*i - 3590. Let p = i - -981. List the prime factors of p.
2, 367
Suppose 0 = -85*s + 16077 + 33563. List the prime factors of s.
2, 73
Let m be 24/(-156) + 700/(-13). Let r = m + 55. What are the prime factors of 3 + 1/r + 148?
2, 19
Suppose 3*o + 9 = -0*o - 5*g, 5*o + 15 = 5*g. List the prime factors of (-80)/(-2)*o*4/(-6).
2, 5
Suppose 3*r = w - 4108 - 37, -20805 = -5*w - 5*r. What are the prime factors of w?
4157
Let f(z) = -z**3 + 4*z**2 + 2*z - 5. Let h be (-4)/((-12)/9) + 1. Let o be f(h). Suppose -o*d = 12, -127 + 37 = -2*m + 2*d. List the prime factors of m.
41
Let z be -7 + 3/(6/(-4)). What are the prime factors of (-3)/z - 5/(-3) - -203?
5, 41
Suppose -2*o = -5*u - 12792, 0 = o + 2*u - 9845 + 3431. What are the prime factors of o?
2, 3203
Let g = -221 - -227. Suppose 0*z + z = -t + 693, 3*t = -g. What are the prime factors of z?
5, 139
Let r = 49213 + -26400. List the prime factors of r.
7, 3259
Suppose -4*i + 5*b + 83 = 0, -i - 3*i - b = -113. Let s = i - -13. Let o = -10 + s. List the prime factors of o.
2, 3, 5
Suppose 4*q + 524 = -148. Let j = 156 + -266. Let y = j - q. What are the prime factors of y?
2, 29
Let k(n) = -21*n - 1109. Let u be k(-66). Suppose 0 = -4*p - 4*f - 712, p + 3*f - 32 = -220. Let z = p + u. What are the prime factors of z?
2, 13
Let u(z) = -z**3 + 5*z**2 - 2*z + 8. Let f be u(-7). Suppose 130 = 3*g + f. Let t = g + 226. List the prime factors of t.
2, 3, 11
Let g = 32 + 9. Let q = 46 - g. Suppose -278 - 8 = -3*y + 5*i, 0 = -q*y + 5*i + 460. What are the prime factors of y?
3, 29
Let t be (-20 + 21)/(1/177). Let w = 184 - t. List the prime factors of w.
7
List the prime factors of (3 + 4515/9)/(13 - (-266)/(-21)).
2, 757
What are the prime factors of 33/((-4125)/(-14950))*590/4?
13, 23, 59
Let r(q) = 3*q**2 + 5*q - 7. Suppose -5*n = 5*j - 60, 4*j + n = -0*n + 33. List the prime factors of r(j).
5, 7
What are the prime factors of (-17135)/(-4) + 249/996?
2, 3, 7, 17
Suppose 26*p + 24*p = 16250. Suppose -316*v = -p*v + 12528. List the prime factors of v.
2, 3, 29
List the prime factors of 2/((-5 + (-28)/(-4))/4567).
4567
Let v(x) = 187*x**2 - 12*x - 1. Let o be v(1). Let c = o + -166. List the prime factors of c.
2
Suppose 4*i - 1027 + 121 = -2*f, -3*f + 214 = i. Let d(a) = -14*a**3 + 3*a**2. Let k be d(2). Let c = k + i. List the prime factors of c.
3, 43
Let c be (-2298)/10 + 11 + (-336)/30. Let y = 101 - c. List the prime factors of y.
331
Let b = -36 - -61. Suppose -4*l + b = l. Suppose 2*m - 414 = -l*p, p + 0*m = -m + 81. List the prime factors of p.
2, 3, 7
Let o(l) = -5 + 0 + 2*l - 13*l**2 + 5*l + 36*l**2. Let a be (-21)/(-6)*(-4)/(-7). What are the prime factors of o(a)?
101
Let k = -39010 + 48877. What are the prime factors of k?
3, 11, 13, 23
Let m = 5416 - -28219. What are the prime factors of m?
5, 7, 31
Suppose 9*k + 12 = 12*k. What are the prime factors of 1/(2/k)*437?
2, 19, 23
Suppose 1 = 3*m - 11. Suppose -d + 3*d - 524 = m*h, -4*h - 1040 = -4*d. List the prime factors of d.
2, 3, 43
Let i be 270/60*(1/1 + 33).